*o + 25. Let w(k) = 23*k - 50. Let h(u) = 11*l(u) + 6*w(u). What is the remainder when h(25) is divided by r(3)?
29
Suppose 21*u = 35*u - 2113 + 671. Calculate the remainder when 147 is divided by u.
44
Suppose -21*x + 101 = 17. What is the remainder when 62 is divided by x?
2
Suppose 2*h - g = 2532, 0 = 5*h + 3*g - 7248 + 929. Calculate the remainder when h is divided by 238.
75
Let g = 81 + -59. Suppose g*f = 23*f - 3. Suppose -36 = -q - f. Calculate the remainder when q is divided by 7.
5
Let x(b) = 137*b + 4459. Calculate the remainder when 28829 is divided by x(-31).
209
Let l = -94 + 105. Let q(i) = -14*i - 3 + l - 6 + 6. Calculate the remainder when 38 is divided by q(-1).
16
Suppose 282*o = 277*o + 2455. Calculate the remainder when o is divided by 127.
110
Suppose -z - 2*v = -110, 50*v - 52*v = 2*z - 216. What is the remainder when 2008 is divided by z?
100
Suppose 7 + 2 = 3*b. Let n = 615 + -536. What is the remainder when n is divided by b?
1
Calculate the remainder when (-640)/(-6 + (-496)/(-96)) is divided by 128.
0
Let f be 1 - 2 - (-6 - -1). Let c(q) be the third derivative of q**5/60 - q**4/4 + 17*q**3/6 - 21*q**2. Calculate the remainder when 25 is divided by c(f).
7
Let o(g) = -376*g**3 - 3*g - 2. Let v be o(-2). Suppose j - 817 = -b, 3*b + 566 = 2*j + v. What is the remainder when 32 is divided by (2/6)/(4/b*4)?
15
Suppose 366 - 316 = 52*n - 1042. Calculate the remainder when 2876 is divided by n.
20
Suppose c = 26 + 4. Let t = -22 + c. Suppose 0 = -4*k + t*k - 108. Calculate the remainder when k is divided by 14.
13
Let r be 2977/9 - 42/(-189). Let s = r - 322. What is the remainder when 3*(26/3 - -2) is divided by s?
5
Suppose -441 = -3*n + 3*t, -4*n = 2*t + t - 567. Let p = 186 - n. Suppose 2*o - 3*k = -1 + 37, 17 = o - k. What is the remainder when p is divided by o?
12
Calculate the remainder when (-4020)/(-8)*(-92)/(-69) is divided by 168.
166
Let x(o) = o**3 - o**2 - 3*o - 6. Let g be x(3). Suppose g*h = -h + 92. What is the remainder when 112 is divided by h?
20
Let x(j) = 7*j + 2. Let g be 3*(-28)/(-21) - (-3 + -3). Suppose -g*r - 176 = -21*r. Calculate the remainder when x(6) is divided by r.
12
Suppose -5*d = m - 6, -29*d + 28*d = -5*m + 56. Suppose -12*q - m*q = -989. What is the remainder when q is divided by 13?
4
Suppose -6*z - 638 + 602 = 0. Calculate the remainder when z/9 + (-822)/90*-5 is divided by 23.
22
Let v(l) = 6*l**2 + 6*l - 8. Let z be v(2). Suppose 0 = -z*r + 86 + 866. Calculate the remainder when r is divided by 8.
2
Let r = 26484 + -26269. What is the remainder when r is divided by 20?
15
Suppose 2192 = 123*a + 14*a. What is the remainder when 4042 is divided by a?
10
Suppose 3*a - 69 = 510. What is the remainder when a is divided by (815/163)/((-30)/(-306))?
40
Suppose -2070 + 188 = -45*k + 368. What is the remainder when 125 is divided by k?
25
Let b = -526 - -523. Let w(n) = -34*n - 29. Calculate the remainder when w(b) is divided by 25.
23
Let x = 45 - 40. Suppose n - 8 - x = 0. Suppose -34*a + 114 = -15*a. Calculate the remainder when n is divided by a.
1
Suppose -5*j = -383 + 418, 0 = -4*n + 4*j + 2408. Calculate the remainder when n is divided by 99.
1
Let t = 4254 - 4119. What is the remainder when t is divided by 20?
15
Let l be 1 + ((-26)/(-3))/((-6)/(-171)). Let d = -96 + l. Suppose 7*b - d = 23. Calculate the remainder when b is divided by 9.
7
Let c = 381 - 376. Suppose -c*t + 272 = -2*g, 2*t - 4*g = 69 + 27. What is the remainder when t is divided by 15?
11
Let s = 58 - 28. Let j be ((-37)/(-74))/((-2)/(-12)). Suppose 4*o + 16 = 0, -5*v + 26 = -j*v + o. Calculate the remainder when s is divided by v.
0
Suppose 99*a + 118*a = 29729. Calculate the remainder when 3972 is divided by a.
136
Let t(p) = 186*p + 3660. Calculate the remainder when t(-14) is divided by 90.
66
Let l = 264 + -327. Let g = l + 77. Calculate the remainder when g is divided by 8.
6
Let l(k) = 3*k**3 + 0*k**3 - 3*k + 4 - 2*k**3 + 0*k + 4*k**2. Calculate the remainder when l(3) is divided by 16.
10
Let u = 144 + -135. Suppose -3*t = g - 170, u*g - 8*g - 226 = -4*t. What is the remainder when 167 is divided by t?
55
Suppose 12*g + 12 = -0. Let y(o) = -9*o**3 - o**2 + o + 1. What is the remainder when 28 is divided by y(g)?
4
Suppose -3 = -4*z - 3*f, 0*f + f = -z. Suppose 0 = 2*a - z*k - 32, 4*a = 7*a - k - 62. Calculate the remainder when 172 is divided by a.
18
What is the remainder when (1/(-3))/(187/33 + -6)*783 is divided by 16?
15
Let z(t) = -t**3 + 4*t**2 + 25*t - 1. Let c = 15 + 2. Calculate the remainder when z(-5) is divided by c.
14
Suppose -4*x - 3*h - 44 = -1949, -5*x + 2375 = 5*h. Suppose 473*l = x*l - 196. What is the remainder when 391 is divided by l?
27
Suppose -4*r + 8*r - 2*z - 282 = 0, 4*r + z - 291 = 0. Let u(n) = n + 4. Let c be u(-4). What is the remainder when r is divided by 27 - -1*(1 + -3 + c)?
22
Suppose -5*x - y + 26951 = 0, 2*x - y - 6491 = 4288. Suppose 11*o = -11*o + x. What is the remainder when o is divided by 19?
17
Suppose 1067 = 403*p - 3521 - 1054. Let q(d) = 2*d**2 + 2*d + 8. What is the remainder when p is divided by q(-2)?
2
Suppose -27390 = -370*q - 6300. Suppose -182 = -b - z, b + 2*b - 5*z = 514. Calculate the remainder when b is divided by q.
7
Suppose 4*j - 106 = -2*x, 6*x - 11*x - j + 328 = 0. What is the remainder when 2343 is divided by x?
65
Let r(t) = 115*t**2 - 144*t + 864. What is the remainder when r(6) is divided by 37?
33
Suppose 0 = 4*x + u - 47, 92*x - 2*u - 27 = 89*x. Suppose -2*q = q. Suppose 5*w - 61 - 99 = q. What is the remainder when w is divided by x?
10
Suppose 4*y = -3*k + 1987, 0 = 5*k - k - 5*y - 2608. What is the remainder when k is divided by 29?
19
Let k be 90/(-240) - 259/(-8). Suppose 202 = k*z - 54. Calculate the remainder when 55 is divided by z.
7
Suppose -1344 = -19*n + 3*n. What is the remainder when 5*(-4 + 0 + n/15) is divided by 4?
0
Let c = 1717 - 1696. What is the remainder when 78 is divided by c?
15
Suppose -20*x = -188 + 111 - 183. What is the remainder when 469 is divided by x?
1
Suppose 0 = 4*c + 4*x, 4 - 6 = 2*c + 4*x. Calculate the remainder when 71 is divided by c.
0
Let r(a) = -15*a + 122. Let v be r(8). Suppose -200 = -x - v*p, 828 = 12*x - 8*x + p. Calculate the remainder when x is divided by 53.
49
Suppose 35 = -7*x, 4*a + 3*x = 8*a - 2355. What is the remainder when a is divided by 157?
114
Let r(z) = 2*z**3 - 4*z**2 - 3*z + 6. Let d be r(3). Suppose k - 3*g + d - 36 = 0, 0 = -k - 2*g + 41. Calculate the remainder when 329 is divided by k.
32
What is the remainder when (10 - 4) + 5*128/20 is divided by 7?
3
Let v be ((-10)/(-6))/(5/(-90)). Let h be 2 + 40/v*6/4. Suppose h = 4*a - 2 - 14. Calculate the remainder when 10 is divided by a.
2
Let n be (0 + (-5)/(-20))*4. Suppose 5*k = -4*g + 9, -2*g = -0*k - 3*k + n. What is the remainder when 64 is divided by ((-3)/(-9))/(g/51)?
13
Let s be ((-1)/(-3))/(-4*(-1)/7620). Suppose 163*c + s = 168*c. What is the remainder when c is divided by (-1)/(-1) + 31*1?
31
Calculate the remainder when 488 is divided by (-1 - 1)/(23359/(-1015) + 23).
53
What is the remainder when 87 is divided by ((-11)/(-2) - 4)*1568/48?
38
Let r = 147 - 165. Calculate the remainder when (-189)/r*(-36)/(-7) is divided by 16.
6
Suppose 67 = 3*y + 355. Let j be 16/y + (-130)/12. Let l = j + 35. Calculate the remainder when l is divided by 5.
4
Suppose 0 = -11*m - 5*b + 1328, -5*m - 2*b + 269 + 333 = 0. Suppose 7*o - 5*u - 60 = 3*o, 0 = 3*u. What is the remainder when m is divided by o?
13
Let q(s) = -4*s - 26. Let p be 6/(-1)*1/3 - 2. Let n be 26/4*p*6/12. Calculate the remainder when 49 is divided by q(n).
23
Suppose -x = x. Suppose u + 0*o - 3*o - 91 = x, 4*u - 4*o - 380 = 0. Suppose -3*b = -u - 8. What is the remainder when b is divided by 19?
16
Let w(h) = 3*h + 1051*h**2 - 3 - 4*h - 1050*h**2. Let r be w(3). Suppose 0*m + f = r*m - 46, 5*m - 95 = -2*f. What is the remainder when 39 is divided by m?
5
Let u be (-8)/(-3) - 3/(-9)*1. What is the remainder when ((-2)/u)/(18/(-14661)) is divided by 32?
31
Let b = -52 - -20. Let l(p) = p**2 - 27*p + 139. Let f be l(24). Let y = f + b. What is the remainder when 68 is divided by y?
33
Suppose -4*y = t - 101, 129*t - 128*t + 3*y = 96. Calculate the remainde